 x(-14).
78
Let l(s) = -2*s**2 + 16*s - 8. Calculate l(10).
-48
Let v(h) = -5*h - 8. Calculate v(-1).
-3
Let w(q) = -9*q - 74. Determine w(-9).
7
Let n(z) = z**3 - 5*z**2 + 2*z - 5. What is n(5)?
5
Let j(q) = -6*q**2 + 12*q - 6. What is j(4)?
-54
Let p(l) = l**3 + 8*l**2 - 10*l - 7. What is p(-9)?
2
Let j(v) = -v**3 + 20*v**2 + 12*v + 10. Determine j(21).
-179
Let q(o) = -10*o + 1. What is q(9)?
-89
Let p(c) = -c**2 - 2*c - 1. What is p(-3)?
-4
Let w(c) = -4*c**3 - c**2 + 2*c - 1. Give w(-2).
23
Let z(r) = r**2 + 9*r - 201. Give z(-20).
19
Let y(j) = j**3 + 11*j**2 + 10*j - 8. Calculate y(-10).
-8
Let t(j) = -j - 5. Determine t(-14).
9
Let i(q) = -5*q - 69. Determine i(-10).
-19
Let y(n) = 6*n - 2. What is y(2)?
10
Let n(j) = -21*j**2 - j + 1. Determine n(1).
-21
Let v(t) = 33*t - 11. Calculate v(1).
22
Let v(f) = -6*f + 9. Calculate v(5).
-21
Let s(z) = -z**3 - 9*z**2 + 11*z + 23. Calculate s(-10).
13
Let w(v) = v**2 + 16*v + 13. Give w(-13).
-26
Let m(j) = -3*j - 14. Determine m(-6).
4
Let r(y) = -3*y + 16. What is r(9)?
-11
Let l(u) = 2*u**3 + 2*u**2 + u + 29. Give l(0).
29
Let i(h) = -h**3 - 7*h**2 + 7*h - 12. Calculate i(-8).
-4
Let k(q) = -q**3 - 19*q**2 - 25*q + 150. What is k(-17)?
-3
Let c(w) = -2*w**2 + 10*w - 9. Calculate c(7).
-37
Let t(v) = v**3 + 12*v**2 + 16*v + 59. What is t(-11)?
4
Let d(x) = -2*x**2 + 10. Calculate d(2).
2
Let j(v) = -9*v - 21. Calculate j(11).
-120
Let r(z) = -16*z**2 + 3*z - 1. Give r(1).
-14
Let w(y) = 21*y - 16. Determine w(3).
47
Let z(h) = -h**3 + 14*h**2 - 20*h - 8. Calculate z(12).
40
Let h(x) = -9*x - 17. Give h(5).
-62
Let p(a) = -a**2 - 9*a + 6. Calculate p(-10).
-4
Let h(t) = 42*t**3 - 3*t**2 + t + 1. Calculate h(1).
41
Let n(u) = -14*u. Determine n(-1).
14
Let f(i) = 8*i - 9. Determine f(4).
23
Let f(z) = -z**3 + 8*z**2 - 5*z - 19. Give f(7).
-5
Let i(t) = -t**3 - t - 6. Determine i(-2).
4
Let l(o) = -59*o - 21. Determine l(-3).
156
Let y(d) = d - 79. Calculate y(28).
-51
Let m(s) = 2*s + 32. Give m(-11).
10
Let i(y) = y**3 + 2*y**2 - 2*y + 14. What is i(-3)?
11
Let v(p) = p**3 - 29*p**2 + 27*p + 56. What is v(28)?
28
Let v(q) = q**3 - 11*q**2 + 12*q - 16. Calculate v(10).
4
Let t(p) = -33*p**2 + 2*p + 1. Give t(-1).
-34
Let m(u) = -4*u**2 - 72*u + 64. Determine m(-19).
-12
Let a(o) = -o**3 - 45*o**2 - 43*o + 50. Determine a(-44).
6
Let f(l) = l**3 - 17*l**2 + 16*l - 5. What is f(16)?
-5
Let k(g) = 4*g - 5. Determine k(4).
11
Let m(l) = -7*l - 52. What is m(-8)?
4
Let c(r) = r + 5. Calculate c(-2).
3
Let a(o) = o**3 - 5*o**2 - 7*o + 10. Calculate a(5).
-25
Let h(g) = 3*g + 39. Calculate h(-6).
21
Let u(w) = w**3 + 3*w**2 + w - 11. What is u(-5)?
-66
Let x(w) = 2*w - 11. Give x(4).
-3
Let r(v) = v**3 + 4*v**2 - 2*v - 4. What is r(-3)?
11
Let t(j) = -15*j + 15. Give t(-4).
75
Let w(q) = 2*q + 17. What is w(-9)?
-1
Let d(c) = -c**3 + 13*c**2 + c - 1. Determine d(13).
12
Let y(k) = k**2 + 55*k + 109. Calculate y(-53).
3
Let s(c) = c**3 + 38*c**2 - 41*c - 65. Calculate s(-39).
13
Let m(c) = -c**2 - 3*c - 1. Calculate m(-3).
-1
Let u(q) = 7*q - 6. Calculate u(2).
8
Let v(c) = -c**2 + 5*c + 1. Determine v(5).
1
Let c(z) = z**3 + 2*z**2 + z + 1. Calculate c(-2).
-1
Let f(j) = j**2 - 13*j + 8. What is f(9)?
-28
Let h(d) = d**2 - 26*d - 17. Calculate h(27).
10
Let b(r) = 2*r - 1. Calculate b(4).
7
Let d(x) = -x - 32. Determine d(-32).
0
Let y(w) = 33*w - 420. Determine y(13).
9
Let x(r) = 15*r**3 + 3*r**2 + 4*r + 2. What is x(-1)?
-14
Let s(f) = -f**3 - 8*f**2 + 8*f - 9. What is s(-9)?
0
Let n(t) = -2*t**2 - 13*t + 13. Calculate n(-10).
-57
Let s(o) = -o**2 + 2*o + 20. Determine s(5).
5
Let n(g) = -g + 8. Determine n(10).
-2
Let a(t) = -t**3 + 24*t**2 - 27*t + 96. Determine a(23).
4
Let m(w) = w**2 + 9*w + 4. Calculate m(-9).
4
Let f(n) = n**3 + n**2 + n + 20. Determine f(0).
20
Let i(l) = 6*l - 1. Give i(3).
17
Let d(i) = -i**2 + 5*i + 18. Calculate d(7).
4
Let h(g) = g**3 - 5*g**2 - 5*g + 5. Determine h(4).
-31
Let j(i) = i**3 - 11*i**2 - 14*i. What is j(12)?
-24
Let v(a) = 9*a - 39. Calculate v(0).
-39
Let s(o) = -o**3 - 20*o**2 - 36*o - 13. Calculate s(-18).
-13
Let y(b) = 54*b + 3. What is y(2)?
111
Let l(v) = -v**3 + 8*v**2 - 9*v - 15. Give l(8).
-87
Let p(x) = 67*x - 551. Calculate p(8).
-15
Let r(k) = k**2 - 3*k - 14. Calculate r(-4).
14
Let a(t) = -t**3 + 2*t**2 + t - 5. What is a(-4)?
87
Let j(a) = a**3 - 4*a**2 - 6*a - 10. Determine j(5).
-15
Let h(q) = 2*q**2 - 5*q + 52. Calculate h(0).
52
Let d(y) = -2*y**2 + 6*y + 1. Give d(3).
1
Let g(v) = -5*v - 21. Calculate g(-12).
39
Let f(x) = x - 43. Calculate f(-29).
-72
Let f(w) = -2*w**3 - 2*w**2 + 5*w - 1. What is f(3)?
-58
Let o(d) = -d**2 + 18*d - 7. Determine o(18).
-7
Let q(z) = z**3 + 7*z**2 + 3*z - 16. Calculate q(-6).
2
Let y(x) = x**2 + 34*x + 90. What is y(-3)?
-3
Let j(w) = w**2 + 16*w - 198. What is j(8)?
-6
Let n(k) = 10*k + 41. What is n(-5)?
-9
Let r(k) = 6*k**2 - k. Calculate r(3).
51
Let z(u) = -u**2 + u + 15. Calculate z(-5).
-15
Let n(q) = 4*q - 160. Calculate n(34).
-24
Let y(r) = -r**3 + 15*r**2 - 54*r + 11. Calculate y(9).
11
Let l(u) = 2*u - 28. Determine l(7).
-14
Let c(h) = 12*h + 261. Determine c(-22).
-3
Let f(d) = d**3 + 6*d**2 - d. What is f(-6)?
6
Let q(f) = 2*f**3 - 2*f + 3. What is q(2)?
15
Let z(v) = -5*v + 55. Calculate z(10).
5
Let s(t) = -t**3 - t**2 + 11. Calculate s(0).
11
Let n(g) = 2*g**3 + 5*g**2 - 2*g - 1. Determine n(3).
92
Let k(z) = -2*z + 1. Calculate k(4).
-7
Let q(k) = k**2 - 12*k + 39. Give q(5).
4
Let s(c) = c**3 - 18*c**2 + 11*c + 6. Calculate s(17).
-96
Let k(d) = 2*d**2 + 31*d + 29. Give k(-14).
-13
Let v(m) = -2*m - 13. Determine v(-3).
-7
Let u(y) = -2*y**2 + 18*y - 17. Give u(7).
11
Let f(b) = b**3 - 11*b**2 - 16*b + 2. Calculate f(12).
-46
Let y(s) = 23*s - 56. Calculate y(2).
-10
Let m(k) = -3*k + 1. What is m(2)?
-5
Let q(u) = -u**2 + 39. Calculate q(-6).
3
Let y(x) = -27*x - 1. Give y(-1).
26
Let x(a) = 2*a**2 + 26*a + 32. Give x(-10).
-28
Let f(b) = b**2 - 21*b - 11. Determine f(24).
61
Let o(n) = -2*n**2 - 20*n - 39. Give o(-8).
-7
Let i(d) = -2*d**3 + 5*d**2 - 2*d + 1. Determine i(3).
-14
Let r(p) = -87*p + 350. Give r(4).
2
Let v(t) = t**3 - 6*t**2 + 3*t + 1. What is v(4)?
-19
Let a(s) = -s**3 + 26*s**2 - 27*s - 17. Determine a(25).
-67
Let i(p) = 6*p - 13. Determine i(4).
11
Let h(d) = -30*d**2 - d + 1. Determine h(1).
-30
Let i(v) = -v - 11. Give i(-7).
-4
Let g(x) = 7*x + 2. Determine g(-5).
-33
Let s(z) = -z**3 - 19*z**2 + 24*z - 24. What is s(-20)?
-104
Let h(o) = o**3 - 6*o**2 + 7*o - 7. Give h(5).
3
Let p(t) = -14*t**2 + 29*t + 8. Determine p(3).
-31
Let y(l) = -26*l - 6. Give y(-1).
20
Let w(f) = 15*f + 1. Calculate w(1).
16
Let m(k) = k**3 + 8*k**2 + 10*k + 17. Give m(-7).
-4
Let u(q) = 7*q**2 - 10*q - 8. Give u(-3).
85
Let i(g) = g. Determine i(-6).
-6
Let m(f) = -f**3 - 14*f**2 + 15*f - 14. Determine m(-15).
-14
Let r(j) = 2*j**3 - 18*j**2 - 19*j + 12. Give r(10).
22
Let p(y) = -y**2 + 2*y + 34. What is p(-5)?
-1
Let c(d) = -136*d**3 - 3*d**2 + d + 1. Calculate c(1).
-137
Let k(r) = r**3 - 5*r**2 - 7*r - 8. Give k(6).
-14
Let p(s) = s + 12. What is p(-11)?
1
Let b(r) = r**2 + 16*r + 47. Calculate b(-10).
-13
Let j(o) = -2*o**2 + 11*o - 9. Give j(7).
-30
Let m(j) = j**2 - 8*j - 2. Determine m(6).
-14
Let g(j) = -j**3 - 7*j**2 + 15*j. Determine g(-9).
27
Let i(n) = -58*n**3 + 2*n - 2. What is i(1)?
-58
Let k(v) = 4*v**2 - v - 1. Determine k(-2).
17
Let i(j) = -j + 7. Determine i(18).
-11
Let l(y) = y**3 - 5*y**2 + 5. What is l(4)?
-11
Let l(n) = n - 71. Calculate l(28).
-43
Let g(u) = -77*u - 317. What is g(-4)?
-9
Let o(y) = -y**3 + 13*y**2 - 18*y - 3. Calculate o(8).
173
Let y(k) = -k**3 + 9*k**2 - 7*k + 2. Give y(3).
35
Let s(p) = -p**3 - 6*p**2 - 6*p - 1. What is s(-5)?
4
Let f(d) = -7*d**2 + 3. Determine f(-3).
-60
Let h(t) = t**3 - 13*t**2 + 19*t + 30. Give h(11).
-3
Let m(s) = 3*s - 16. Give m(5).
-1
Let x(u) = u**3 - 8*u**2 + 9*u - 8. Calculate x(7).
6
Let r(s) = -6*s - 1. What is r(-2)?
11
Let d(k) = k**2 + 2*k - 2. What is d(0)?
-2
Let c(m) = m**3 + 11*m**2 - 37*m + 76. Calculate c(-14).
6
Let v(k) = k + 6. Determine v(-4).
2
Let b(p) = 2*p**2 + 14*p + 7. Calculate b(-7).
7
Let i(s) = s**2 - s + 7. Determine i(0).
7
Let v(d) = 2*d - 8. Calculate v(6).
4
Let y(a) 